x, s - 2*s - 3 = 0. Suppose 6*z - x = 255. What are the prime factors of z?
47
Suppose -5*m = 0, 5*j + 2*m - 6*m - 30 = 0. What are the prime factors of 190/j - 4/(-12)?
2
Suppose -5*u + 8 = -u. Suppose -4 = -u*h + h. Suppose 4*f = -5*j + 28 + 7, 2*j - h*f + 14 = 0. What are the prime factors of j?
3
Let y(f) = -f**2 - 6*f - 4. Let r be y(-4). Suppose 0*p - 56 = -r*p. What are the prime factors of (2/2)/(p/574)?
41
Suppose -4*r = -3*l - 47, -85 = 5*l + 7*r - 12*r. Suppose 2*w = -0*w + 170. Let i = l + w. What are the prime factors of i?
2
Let k(t) = 3*t + 5. Let a be k(-6). Suppose 0*j + 117 = 5*j + q, 5*q = 3*j - 87. Let d = a + j. What are the prime factors of d?
11
Let u(m) = 10*m**3 + m**2 + 6. Let o be u(3). Suppose -5*q + 0*q = -o. List the prime factors of q.
3, 19
Suppose 4*o - 3 - 9 = 0. Suppose -3*q + 3 = 0, 8*t + o*q = 4*t - 5. What are the prime factors of (-187)/(-3) + t/(-3)?
3, 7
Let y = 36 - 29. Let i(r) = -r**3 + 7*r**2 + 3*r + 17. What are the prime factors of i(y)?
2, 19
Suppose -5*c - 573 = -2*q, -14*c + 902 = 3*q - 13*c. List the prime factors of q.
13, 23
Let p(f) = f**3 - 6*f**2 + 2*f - 8. Let k(c) = 3*c - 12. Let v be k(6). Let b be p(v). Suppose -b*l = -139 - 17. List the prime factors of l.
3, 13
Let g = -1814 + 3008. What are the prime factors of g?
2, 3, 199
Let g(a) = 5*a**2 - 14*a - 3. Let u be g(-10). Suppose -u = -4*o + h, -4*o = 5*h + 59 - 690. List the prime factors of o.
3, 53
Let l = 1 + 12. Suppose -l = -3*u + 11. Let a = u + 4. List the prime factors of a.
2, 3
Suppose -3*j + 11*j - 7744 = 0. List the prime factors of j.
2, 11
Let c(f) = 28*f**2 + 16*f - 35. List the prime factors of c(3).
5, 53
Let p(n) = 17*n - 230. What are the prime factors of p(33)?
331
Let n = -12 + 170. List the prime factors of n.
2, 79
Suppose 9*y + 2435 = 10832. List the prime factors of y.
3, 311
What are the prime factors of 0/(-4 - -7) - (1 + -3)?
2
Suppose -t - 3*y = -6, 3*t - 7 + 24 = -2*y. Let q = 11 + t. Suppose 4*s = q*s + 10. What are the prime factors of s?
5
Let b(x) = -217*x**3 - 2*x**2 - 2*x - 1. Let c be b(-1). Suppose 5*q + 151 = -3*m + 5*m, 4*q = 3*m - c. What are the prime factors of m?
2, 17
Suppose -4*c = -137*s + 138*s - 13918, -5*s = -4*c + 13906. What are the prime factors of c?
7, 71
List the prime factors of (-81)/(-2)*(-9 + 275/15).
2, 3, 7
Let b = 49 + -57. Let y = 48 - b. What are the prime factors of y?
2, 7
Suppose -13*i + 567 + 6323 = 0. List the prime factors of i.
2, 5, 53
Suppose 0 = -3*i + c + c + 23, 2*c + 16 = 2*i. Suppose -72 = i*s - 548. List the prime factors of s.
2, 17
Suppose -70870 = -70*c + 51*c. List the prime factors of c.
2, 5, 373
Let w = 4 - 2. Suppose -2*h + 5*h - 125 = -w*n, 0 = -5*h + 15. List the prime factors of n.
2, 29
List the prime factors of -11*((-178620)/143)/10.
2, 3, 229
Let r be (48/40)/((-1)/(-40)). Let j(q) = q**3 + 7*q**2 + 3*q + 8. Let w be j(-7). Let o = r + w. What are the prime factors of o?
5, 7
What are the prime factors of 2/(-4) - (-447)/2?
223
Let n = -38 - -39. Suppose 4 + n = -5*v, -3*v + 63 = 3*j. List the prime factors of j.
2, 11
Let r(s) = s**3 + 6*s**2 - 3*s - 2. Suppose 2*m - m = -5*f + 80, 3*f - 40 = m. Let o = f + -21. What are the prime factors of r(o)?
2
Suppose -28*w - 705 = -25*w. Let b = w - -488. What are the prime factors of b?
11, 23
Let b(c) = 37*c + 1. Let q be b(-3). Let y = 42 - q. What are the prime factors of y?
2, 19
Suppose -2*a + 216 = -3*m, 5*a + 2*m - 494 = -2*m. Let s = 177 - a. List the prime factors of s.
3, 5
Let v = 14 - -412. What are the prime factors of v?
2, 3, 71
Let n(t) = 293*t + 100. List the prime factors of n(2).
2, 7
Let l(h) = h**2 + h + 1. Let i(u) = -u**2 - 4. Let s(b) = -i(b) - 2*l(b). Let d be s(-3). What are the prime factors of 123/6 - d/2?
3, 7
Suppose 3*p + 2*s - 496 = 0, -p - 9*s = -6*s - 177. What are the prime factors of p?
2, 3
Suppose -3 = -3*k + q + 26, -3*k + 2*q + 28 = 0. Let v(l) = 10*l + 43. What are the prime factors of v(k)?
11, 13
What are the prime factors of (-21124)/(-36) + (-7)/(315/(-10))?
587
Let b(h) = h**2 + 9*h - 2. Let j be b(-7). Let o = j - -21. Suppose -5*k + 4*k - 12 = -o*r, -3*k + 8 = -4*r. List the prime factors of k.
2
Suppose 0 = 21*k - 43306 - 5435. List the prime factors of k.
11, 211
Suppose -5*a - 2*o - 192 = 0, -o - 39 = a - 0*o. Let q = 10 - a. Suppose -1 - q = -b. List the prime factors of b.
7
Let f be ((-20)/7)/(7/(-49)). Suppose 4*v - 22 = 5*u, -v - 7 = -2*u + 7*u. Let r = f - v. List the prime factors of r.
17
Suppose -3*m = -2*v - 5, -3*m + v = -0*m - 10. Suppose -m*p + 425 = -0*p. List the prime factors of p.
5, 17
Suppose -5*i + 2446 = 7*o - 4*o, -3*i = -4*o + 3271. What are the prime factors of o?
19, 43
Suppose 4*a - a = 390. Suppose k - i = 20, 2*k + i = -3*k + a. Suppose -k - 22 = -t. List the prime factors of t.
47
Suppose -19*t + 5956 = -12588. What are the prime factors of t?
2, 61
What are the prime factors of ((-1496)/33)/((-3)/27*2)?
2, 3, 17
Let h(a) = 3*a + 17. Let n(r) = 1. Let o(i) = h(i) - 4*n(i). What are the prime factors of o(19)?
2, 5, 7
List the prime factors of (-2 + 1)*(23 + -256).
233
Let d be 84/(-8)*(-14)/(-3). Let k = 96 + d. List the prime factors of k.
47
List the prime factors of 17 - (3 + 3 + -2).
13
Suppose 0 = 14*p - 7*p - 42. Let f(j) = 24*j + 43. List the prime factors of f(p).
11, 17
Suppose -3*n + 5*u + 30 = -8*n, -2*u = -5*n - 58. List the prime factors of 25*13/n*-2.
5, 13
Suppose 4536 = 19*j - 10*j. What are the prime factors of j?
2, 3, 7
Let v(q) = -1 + 26*q - 8 + 32*q - 45*q. What are the prime factors of v(3)?
2, 3, 5
Let n(f) = 216*f - 88. What are the prime factors of n(8)?
2, 5, 41
Let x be (4/(-16))/(1/(-4)). What are the prime factors of -3 - -4 - x*-77?
2, 3, 13
Suppose -4*d + q + 552 = 2*q, 0 = -2*d + 3*q + 276. Let t = d + -82. Suppose j - z - 25 = 0, -2*j - 7*z = -3*z - t. List the prime factors of j.
2, 13
Let g(m) = 4*m + 1. Let c = 2 + -4. Let y(s) = -3*s - 2. Let r be y(c). List the prime factors of g(r).
17
Let k = -2 - -7. Let c be ((2 - 3 - 0)*0)/(-2). Suppose -5*b - k*w + 280 = c, 4*w + 38 - 160 = -2*b. List the prime factors of b.
3, 17
Let h = 38 + -27. Suppose 0 = -2*q + h + 83. List the prime factors of q.
47
Let v = 79 + 355. What are the prime factors of v?
2, 7, 31
List the prime factors of 574/10 + (-9)/((-225)/(-10)).
3, 19
Let d(a) = -3*a**3 - 32*a**2 - 3*a + 62. What are the prime factors of d(-14)?
2, 3, 43
Suppose -10*c = 13*c - 127696. What are the prime factors of c?
2, 347
Suppose 211*l - 1540 = 207*l. What are the prime factors of l?
5, 7, 11
What are the prime factors of 4 + 8 + -10 + 1043?
5, 11, 19
Let o = 23 + -21. Suppose 3*j = o*j + 58. What are the prime factors of j?
2, 29
Let v be (-2)/(-3)*(-30)/(-4). Let x(a) be the third derivative of 11*a**4/24 - 11*a**3/6 - 19*a**2. What are the prime factors of x(v)?
2, 11
Suppose 5*p = 32 + 28. Suppose -5*m + 8*f + 592 = p*f, 2*m - 230 = -5*f. List the prime factors of m.
2, 3, 5
List the prime factors of ((-3)/(-9))/((-353903)/(-50556) + -7).
2, 383
Let t = 343 + 6. List the prime factors of t.
349
Suppose -2*t = 2*d - 4054, -6*d + d = -3*t + 6057. List the prime factors of t.
2, 11, 23
Let c be 4/14 + 130/(-14). List the prime factors of (4/(-14))/(c/1953).
2, 31
Let a = -6 + 19. Let d(m) = -m**3 + 4*m**2 - 5*m + 2. Let u be d(1). What are the prime factors of 4*(u + a) + -1?
3, 17
Let n = -27 + 15. Let a be -3*(n/9)/(-2). What are the prime factors of (a/(-6))/((-3)/(-99))?
11
Let c = 153 + -72. Suppose -3*s - 35 - c = -2*t, -144 = -3*t - 3*s. List the prime factors of t.
2, 13
Suppose -q - 4 = 0, 3*n + 3*q = 1364 + 367. What are the prime factors of n?
7, 83
Suppose q + 6 = -2*q. What are the prime factors of (-3)/(2*q/188)?
3, 47
Let o = -20 - -20. Suppose o = -h - 4 + 2. Let d(z) = -18*z - 3. List the prime factors of d(h).
3, 11
Let h(i) = -97*i**3 - 2*i - 2. What are the prime factors of h(-1)?
97
Let k(t) be the second derivative of t**5/20 + t**4/12 + t**3/3 + 2*t**2 - 9*t. Let r be k(0). Suppose 4*p = p + q + 26, r*q = -8. List the prime factors of p.
2
Let q(t) = 4*t**2 - 4*t + 10. Let n be q(-3). Suppose 0*a = 4*a + 4*o - 44, n = 5*a + 2*o. What are the prime factors of a?
2, 3
Let w(x) be the third derivative of x*